its digit of j?
5
Let s(g) be the third derivative of g**6/10 - g**4/8 - g**3/3 + 9*g**2. Let p be s(-1). What is the units digit of 176/p*2*-2?
4
Let i be (-5 + 0/(-2))*32. Let x = -85 - i. What is the tens digit of x?
7
Let f be 4/6 - (-992)/6. What is the units digit of f/34 + 4/34?
5
Let b = -55 - -93. Suppose b = c - 7*i + 2*i, -78 = -3*c + 3*i. What is the units digit of c?
3
Suppose -3 = -2*n - n. Let s be (10/6)/(n/3). Suppose -4*y - 104 = -s*m - 2*y, 3*m = 4*y + 68. What is the tens digit of m?
2
Let o = -20 + 14. Let h be ((-36)/(-30))/(o/(-20)). Suppose 2*q - 3*z - 27 = 0, 5 = h*q + q + 5*z. What is the units digit of q?
6
Let q(h) = -34*h + 18. Let k be q(-11). Let r = k + -122. What is the hundreds digit of r?
2
Let l = 214 + -39. What is the units digit of (4/(-7)*-3)/(10/l)?
0
Let q = 29 + -16. Suppose q*f - 12*f - 2 = 0. Suppose 7*n = v + 2*n - 33, 0 = v + f*n - 5. What is the tens digit of v?
1
Let z(n) be the second derivative of n**6/360 - n**5/40 + 7*n**4/12 + 6*n. Let g(q) be the third derivative of z(q). What is the units digit of g(2)?
1
Suppose -3*o - 12 = -k, 2*k - 6*k = 12. Let a = -7 - o. What is the units digit of ((-2)/1)/(a/16)?
6
Let j(n) be the first derivative of -n**3/3 + 13*n**2/2 - 17*n - 3. What is the units digit of j(10)?
3
Let h be ((-9)/(-2) - 1)*(-437 - -17). What is the hundreds digit of (2*-1)/(20/h)?
1
Let r be -3 + 3 + 652/4. Suppose -2*a - 15 = -2*f - r, -3*f - 80 = -a. What is the units digit of a?
1
Suppose -5 - 10 = -l. Let m be ((-14)/(-21))/((-2)/l). Let q(f) = -2*f + 1. What is the tens digit of q(m)?
1
Let c(g) = -34*g**3 + 3*g**2 + 5*g + 9. What is the hundreds digit of c(-3)?
9
Let c = -1 - -2. Let f be c*(33 + -1)/(-4). What is the units digit of 2 + f*2/(-4)?
6
Suppose 6 = 3*c - 0. Suppose -2 = c*j - 6*g + g, -2*j = 4*g - 16. Suppose -40 = -2*l + 6*q - q, -32 = -j*l - 2*q. What is the units digit of l?
0
Let r(z) = -z**2 - z - 1. Let a(o) = 33*o**2 + 3*o + 5. Let p(h) = a(h) + 4*r(h). What is the units digit of p(1)?
9
Let b(m) be the second derivative of m**5/20 + 5*m**4/6 - 6*m. Let f be b(-10). Suppose -5*x - 32 + 202 = f. What is the units digit of x?
4
Suppose 3*n - 13 - 11 = 0. Let o = n - -28. Let x = 61 - o. What is the tens digit of x?
2
Suppose -187*n = -135*n - 303576. What is the units digit of n?
8
Suppose -3*n = 2*p - 589, -284 = -p - n + 3*n. What is the units digit of p?
0
Let h be -1 + 5/1 - 0. Suppose -h*r + 4*w + 184 = 0, 2 = 4*w - 2. What is the units digit of r?
7
Let m(p) = p**2 - 8*p + 2. Let v be m(8). Let j(l) = 10*l**v + 15*l**2 - 26*l**2 + 6*l - 7. What is the units digit of j(2)?
1
Let a(p) = p + 24 - 34 + 0*p + 32. What is the units digit of a(18)?
0
Let w(y) = 6 + 6*y**2 - 1 - 5*y**2 + 7*y. Let j be w(-7). Suppose -j*z + 195 = -70. What is the units digit of z?
3
Suppose 0 = 28*k - 53*k + 50925. What is the hundreds digit of k?
0
Let v = 13 + -11. Let q be v*1 - (10 + -10). Suppose q*b + 30 = 5*b. What is the tens digit of b?
1
Suppose -4*n - w - 372 + 1181 = 0, -3*n + 602 = -4*w. What is the tens digit of n?
0
Suppose -2*m - 5*x = -35, -x + 10 = 4*m - 3*x. Suppose m*j + 4*v - 280 = 0, 260 = j + 3*j - 4*v. What is the tens digit of j?
6
Suppose 3*w - 8 - 1 = 0. Suppose w*y + 505 = 8*y. Let o = y + -61. What is the tens digit of o?
4
Let l(x) = 17*x + 29. Let o be 2 - -9 - (-4)/1. What is the hundreds digit of l(o)?
2
Suppose -15*z - 683 = -19043. What is the units digit of z?
4
Let n be 48/27 - 10/(-45). Suppose -149 = -n*c + 53. Let o = 169 - c. What is the tens digit of o?
6
Let d(o) = 125*o**3 - o**2 + 3*o - 2. Let x be d(1). Let z = -69 + x. What is the tens digit of z?
5
Let n be 88/14 - (-2)/(-7). Suppose 0 = -2*w + 2*m - n*m + 4, 41 = 3*w - m. What is the tens digit of w?
1
Suppose -3*f = -2*f - 1. Let x = f - -14. What is the units digit of x?
5
Let t(f) = f**3 - 7*f**2 - 3*f + 13. Let g be t(10). Suppose -2*i = -s - 4*s + g, 2*i - 47 = -s. What is the tens digit of s?
5
Suppose -252 = -2*y + l + 130, -3*y - l = -573. Let j = y - 84. What is the units digit of j?
7
Let v(s) = 0*s + 6*s + 7 - 6. Let n be v(7). What is the tens digit of n*(0/1 + 1)?
4
Let d(t) = -t**3 - 12*t**2 + 1. Let o = 24 + -36. Let v be d(o). Suppose -2*c + c - b + v = 0, c + 8 = -4*b. What is the units digit of c?
4
Suppose x - a + 0*a - 9 = 0, -5*a + 43 = 3*x. Suppose -4*p + 2*m - x = p, 5*m - 5 = 5*p. What is the tens digit of 34 - (p - -2)/1?
3
Suppose p - 2*n + 23 = -35, 4*p + 3*n = -188. Let j = 20 - p. Suppose -j = -5*g + 5*w, w = 3*g + 2*w - 46. What is the tens digit of g?
1
Let a = -26 - -44. Suppose -m + 10 + a = 0. What is the units digit of m?
8
Suppose -1 = y + p, 2 = -3*y - p - 3. Let w be (-6)/9 - y/(-6). What is the units digit of (0 + 2)/w + 18?
6
Let i(b) be the third derivative of -b**6/120 - 9*b**5/20 - 3*b**4/8 - 29*b**3/3 - 23*b**2. What is the units digit of i(-27)?
5
Let o(r) = -1766*r - 27. What is the thousands digit of o(-1)?
1
Suppose -5*y + 2*q + 2*q - 181 = 0, y - 4*q = -49. Let s be (1 - -44) + 4/2. Let o = s + y. What is the units digit of o?
4
Suppose 0 = 4*i - 8 + 32. Let w = 36 - i. Suppose -o + w = o. What is the units digit of o?
1
Let p(l) be the first derivative of l**4/4 + 8*l**3/3 + 3*l**2/2 - 9*l + 10. What is the tens digit of p(-5)?
5
Suppose 3*w + m - 2 = 0, 0*m + 2*m = 2*w - 4. Suppose -2*a + 17 = w. Let i = a - -5. What is the units digit of i?
3
Let n(k) = -k + 12. Let t(x) = x + 10. Let z be t(-7). Suppose -2*s + 8 = -z*s. What is the units digit of n(s)?
0
Suppose 6*k - 3*k + 3*g + 135 = 0, g = -2*k - 87. What is the tens digit of 11 + -8 - (k - 1)?
4
Suppose 0 = -y + 2*y + 31. Let x = 65 + y. What is the tens digit of x?
3
Let o = 1260 + -2118. What is the tens digit of o/(-9) + (30/(-9) - -3)?
9
Suppose 2*k + d = 7*k - 71, 2*k - 10 = 5*d. Let w(c) = 0*c + 2*c + 19 + 1. What is the tens digit of w(k)?
5
Let s = -851 + 1251. What is the hundreds digit of s?
4
Suppose j = 3*q + 2*q + 98, 4*q + 95 = j. Suppose 5*t = -i + j, -2*t + 5*t - 201 = -2*i. What is the hundreds digit of i?
1
Suppose 7528 = 8*a - 2032. What is the tens digit of a?
9
Let u be (0 - (-4)/(-14)) + 144/14. Suppose u = d - 1. What is the tens digit of d?
1
Let r = -10 - -13. Suppose q - 31 = -v, r*q + 5*v = 24 + 69. What is the units digit of q?
1
What is the tens digit of ((-140)/(-21) - 7)/(2/(-4338))?
2
Let v = 244 + -167. Let l = v + -29. What is the tens digit of l?
4
Suppose -3*k = u - 1909, -9*k + u + 1907 = -6*k. What is the hundreds digit of k?
6
Suppose 17 = 3*h + 8. Let p = h + 28. What is the units digit of p?
1
Let y = -27 - -35. Suppose -4*m = -2*b + 38, -3*b + y*b - m = 95. What is the units digit of b?
9
Let f(t) = 0*t**2 - 6*t**2 - 9 + 3*t + t**3 - 3*t**2 + 2*t. Let b be 12*(-1 + 14/8). What is the units digit of f(b)?
6
What is the tens digit of (668 - -5 - 7)/((-2)/(-7))?
3
Let y = -24 - -26. Suppose 0 = -v - 0*v + n + 88, -y*v - 2*n + 168 = 0. Suppose 0 = -5*s - 2*o + 99, -4 = -5*s - 5*o + v. What is the tens digit of s?
2
Suppose -k - 3*a - 2 = 0, 0*k + 4*a + 7 = 3*k. Let d(y) = 20*y**2 - y. What is the units digit of d(k)?
9
Let y(u) = 25*u + 133. What is the hundreds digit of y(18)?
5
Let x(s) = s**3 - 7*s**2 - 51*s - 101. What is the thousands digit of x(19)?
3
Suppose -1 + 26 = 3*k + 5*d, d = 3*k + 5. Suppose k = -19*g + 2821 + 808. What is the hundreds digit of g?
1
Let w(o) = -o**2 - 17*o - 17. Let d be 119/42 - 2/(-12). Suppose -d*p = 51 - 6. What is the units digit of w(p)?
3
Let w = 34 - 22. What is the tens digit of ((-15)/w)/(2/(-56))?
3
Let z(i) = -1 + 11*i**3 + 0*i + 2*i - 10*i**3 + 4*i**2. Let c be z(-5). Let b = c + 53. What is the units digit of b?
7
Let z be 2/6 - 551/(-3). Suppose -5*p + z = -26. Suppose 3*g - 3*x - p = 0, -8 = g + 4*x - 32. What is the tens digit of g?
1
Let y(l) = -l**3 + l**2 + 7. Let f be y(0). Suppose -22 + f = -5*u. Suppose -2*c + 6*c = u*p + 215, -p = -4*c + 205. What is the units digit of c?
0
Suppose -w - g - 278 = -0*w, -w + g - 284 = 0. What is the units digit of (-4)/18 + w*(-5)/45?
1
What is the tens digit of ((-10)/(-20))/(1/6) + 1264?
6
Let n = -31 - -66. Let g = 3 + n. What is the units digit of g?
8
Suppose -2537 = w - f, -4*f + 2272 = 4*w + 12452. What is the hundreds digit of 33/55 + 